2?
-49a6242
In base 4, what is -21 - -120130302213?
120130302132
In base 10, what is -90102 - 14?
-90116
In base 8, what is -437441 + 11?
-437430
In base 9, what is -163732651 - 1?
-163732652
In base 4, what is 10323003113 - -31?
10323003210
In base 8, what is 2767500 - -3?
2767503
In base 7, what is -1023 + 150054?
146031
In base 10, what is -3 + 190064239?
190064236
In base 4, what is -3323003 + 132301?
-3130102
In base 13, what is -158 - -96aa6?
9694b
In base 6, what is -25 + 15255255?
15255230
In base 13, what is -79a - 11a79?
-12546
In base 14, what is -179cc - -a9?
-17923
In base 8, what is 34 - -24166031?
24166065
In base 9, what is 141 + 22865888?
22866140
In base 16, what is -1b - 538c71?
-538c8c
In base 4, what is -1321 - -1130320013?
1130312032
In base 5, what is 4 + -443221200?
-443221141
In base 9, what is 5506 + -11481?
-4874
In base 10, what is -25944 + -6784?
-32728
In base 14, what is a3 - -73d5?
7498
In base 2, what is -110100110001000001000011 + -10?
-110100110001000001000101
In base 16, what is -352 + b1da?
ae88
In base 4, what is -11 - -2313300130331?
2313300130320
In base 10, what is 1214 + 36457?
37671
In base 9, what is -4 - 881075655?
-881075660
In base 13, what is 1991c9 - -1a?
199216
In base 7, what is 3 - 241021345?
-241021342
In base 11, what is 421962 - -10?
421972
In base 16, what is 2 + 218619f?
21861a1
In base 13, what is -86c34 - 1b?
-86c52
In base 5, what is 142 + -2210441?
-2210244
In base 13, what is -23a - -11449?
1120c
In base 3, what is -112121001 - -101?
-112120200
In base 4, what is -10102 + -1301101112?
-1301111220
In base 3, what is 11 - 210200212122111?
-210200212122100
In base 16, what is -3 - -6bf3dd2?
6bf3dcf
In base 9, what is 104886041 + -1?
104886040
In base 8, what is 2723333 + 3?
2723336
In base 2, what is 111100101100110 - 10101001000111?
100111100011111
In base 11, what is a7753 - 1575?
a6189
In base 11, what is -1 - 90a563?
-90a564
In base 8, what is -21637147 + 4?
-21637143
In base 3, what is -21 - -11021202221?
11021202200
In base 5, what is 41002424 + 4403?
41012332
In base 8, what is 5475365 + -343?
5475022
In base 4, what is 311100003310 + 23?
311100003333
In base 5, what is 2420441 - 312?
2420124
In base 7, what is -105226 - 35431?
-143660
In base 14, what is -2 + 4899d1?
4899cd
In base 10, what is -9786 + -4177?
-13963
In base 15, what is 7dab58 - 1?
7dab57
In base 16, what is b5 + 171e?
17d3
In base 4, what is -21211 + 311111002?
311023131
In base 6, what is 0 + -10415303512?
-10415303512
In base 4, what is -23 + 111230030111?
111230030022
In base 13, what is -1b5 + -447b3?
-44998
In base 3, what is 1 - 1121012022111?
-1121012022110
In base 13, what is 159a47 + 2b?
159a75
In base 8, what is -72205444 - 23?
-72205467
In base 12, what is 158a24 + -922?
158102
In base 12, what is a7982 - -361?
a8123
In base 14, what is 3 + -c8342a?
-c83427
In base 3, what is -11 + 102021101111212?
102021101111201
In base 5, what is 1112 + 2120042?
2121204
In base 8, what is 64617 - 0?
64617
In base 13, what is -3 + 255911?
25590b
In base 2, what is -1010 + -100000010001101100101010?
-100000010001101100110100
In base 9, what is 51777421 - 5?
51777415
In base 12, what is 2 + -312b26?
-312b24
In base 16, what is -867e - -2fb?
-8383
In base 8, what is -33 + -1171?
-1224
In base 8, what is 430730 - 1755?
426753
In base 4, what is -10333 + -1210321?
-1221320
In base 11, what is 59a657a75 + -1?
59a657a74
In base 16, what is 3f754c7 - -8?
3f754cf
In base 11, what is -12033 + -14?
-12047
In base 11, what is -100170 - 22?
-100192
In base 13, what is -812c7a8 - 0?
-812c7a8
In base 7, what is -10241502 - 215?
-10242020
In base 12, what is -103a52 - 3124?
-106b76
In base 3, what is -10 + 2010222011121?
2010222011111
In base 10, what is 611563 - -285?
611848
In base 10, what is 7559133 + -4?
7559129
In base 15, what is -17512d + 47?
-1750d6
In base 14, what is -3c47d3c + 8?
-3c47d34
In base 15, what is 1 + -36eed58?
-36eed57
In base 14, what is -1 + 57450c?
57450b
In base 10, what is 979 - -67263?
68242
In base 8, what is -22 - 6177?
-6221
In base 3, what is -121 - -1001102111121?
1001102111000
In base 15, what is 12a6ce - 68?
12a666
In base 5, what is -14304042 - 32344?
-14341441
In base 6, what is -200 - 103315234?
-103315434
In base 15, what is -32 + 728aa?
72878
In base 16, what is 3b7fd14 - -4?
3b7fd18
In base 3, what is -11 + -220012110012001?
-220012110012012
In base 16, what is -1a2169c - -3?
-1a21699
In base 13, what is 79 - -19b44b?
19b4c7
In base 12, what is -105b + 652?
-609
In base 10, what is -3081 + 19909?
16828
In base 11, what is -a6 + 116135?
11603a
In base 8, what is -1055 + 1561706?
1560631
In base 8, what is 235565 + -202?
235363
In base 5, what is -202122 - 432444?
-1140121
In base 14, what is 3 + -a2adc5?
-a2adc2
In base 10, what is -12179 - 1?
-12180
In base 6, what is -21113141 + -140?
-21113321
In base 16, what is 3750 - -2a5?
39f5
In base 4, what is 2220022222122 + 11?
2220022222133
In base 13, what is 1 + -3654516?
-3654515
In base 14, what is 5c - -8909b?
89119
In base 4, what is -100211303313231 - -10?
-100211303313221
In base 13, what is a9 - -53182?
5325b
In base 12, what is -3 + -48b97617?
-48b9761a
In base 5, what is 2 - -334010012122?
334010012124
In base 5, what is 1 + 44214443114?
44214443120
In base 4, what is -1210 + -2223113331?
-2223121201
In base 3, what is 21022021 - -2111221?
100211012
In base 6, what is -315 - -2145045?
2144330
In base 7, what is 414520 - -46?
414566
In base 4, what is -11200033203202 - 10?
-11200033203212
In base 7, what is 225156 - 16415?
205441
In base 2, what is -1011000100000100010110100 - 11?
-1011000100000100010110111
In base 14, what is 4 + 16569d?
1656a3
In base 13, what is 5b + 4b973?
4ba01
In base 13, what is 3b - -692323?
692361
In base 15, what is -9 - 11acdec?
-11ace06
In base 4, what is -11320230232021 + 11?
-11320230232010
In base 15, what is 12b - 183ba?
-1828e
In base 15, what is 2264da + 22?
22650c
In base 5, what is 11310 - -3443014?
4004324
In base 3, what is -20211000202110011 - 12?
-20211000202110100
In base 9, what is 33711 - -125?
33836
In base 11, what is 7aa9 + 53?
8051
In base 16, what is 6a69 - 356b?
34fe
In base 10, what is -457885 + -42?
-457927
In base 5, what is -42144 + 221300?
124101
In base 14, what is 393 + 16cbbc?
16d171
In base 15, what is -294 - 4b4c?
-4de1
In base 11, what is 5 - -8a0476?
8a0480
In base 3, what is -1121100110 + -1112101?
-1122212211
In base 8, what is 23025701 + -2?
23025677
In base 11, what is 4 + 135665263?
135665267
In base 16, what is 1b1 + -1313c?
-12f8b
In base 16, what is 6e1 - -16c7?
1da8
In base 3, what is 122 - 21111210202?
-21111210010
In base 16, what is 3 - -afc9399?
afc939c
In base 13, what is 187427c - a?
1874272
In base 3, what is 11 - -2102000111212220?
2102000111220001
In base 9, what is 18484618 - 178?
18484430
In base 4, what is -12 - 312012103031?
-312012103103
In base 12, what is 635374 + -17?
635359
In base 6, what is -4404510 - 44?
-4404554
In base 3, what is -20 + -2202002210122200?
-2202002210122220
In base 10, what is -22337 - -7633?
-14704
In base 6, what is -515140303 + -2?
-515140305
In base 16, what is 12e1f + -a?
12e15
In base 9, what is -1 - -231244?
231243
In base 4, what is 1 + 2213102001321?
2213102001322
In base 8, what is 44175 + -46253?
-2056
In base 8, what is 117555333 + 2?
117555335
In base 9, what is 2440841 + 11?
2440852
In base 16, what is -6f4cb - -24?
-6f4a7
In base 15, what is -3a4494 - 3?
-3a4497
In base 10, what is 29251 - 107?
29144
In base 3, what is 2000202010221211 + -1011?
2000202010220200
In base 3, what is -2001110002110 + -20?
-2001110002200
In base 12, what is 334 + -10859a?
-108266
In base 5, what is 3 + 113433244013?
113433244021
In base 6, what is 44423 + -2150?
42233
In base 5, what is -33041 + 342422?
304331
In base 5, what is 242 + -3311244?
-3311002
In base 2, what is 10 - 1011011100000110001000000?
-1011011100000110000111110
In base 10, what is 404 - 97338?
-96934
In base 11, what is -15745 + 58?
-15698
In base 7, what is -21 - 136653521?
-136653542
In base 3, what is 201201220102 + 1001120?
201202221222
In base 8, what is 223170 - -66?
223256
In base 10, what is -242 - 1136403?
-1136645
In base 4, what is -23310112330300 + 3